 (base 9) in base 3?
-12221
What is 5 (base 9) in base 10?
5
-1 (base 7) to base 12
-1
What is 173 (base 10) in base 4?
2231
-15 (base 13) to base 2
-10010
326 (base 7) to base 15
b2
What is -1001 (base 2) in base 15?
-9
Convert 231 (base 4) to base 8.
55
What is -53 (base 13) in base 11?
-62
Convert 28 (base 11) to base 7.
42
Convert 3 (base 14) to base 9.
3
What is 1000001 (base 2) in base 8?
101
5 (base 12) to base 2
101
What is 12 (base 9) in base 13?
b
What is 13 (base 8) in base 6?
15
-30 (base 11) to base 3
-1020
What is -10 (base 9) in base 11?
-9
3 (base 15) to base 7
3
What is 1d (base 16) in base 5?
104
What is 10 (base 7) in base 16?
7
122 (base 9) to base 4
1211
What is 9 (base 11) in base 2?
1001
Convert 12 (base 3) to base 10.
5
What is 6 (base 14) in base 7?
6
2 (base 11) to base 8
2
Convert 2102 (base 3) to base 2.
1000001
-100001 (base 2) to base 15
-23
What is 42 (base 6) in base 11?
24
Convert 3e (base 16) to base 4.
332
Convert 0 (base 16) to base 3.
0
What is 0 (base 10) in base 8?
0
Convert -4 (base 14) to base 5.
-4
Convert -2 (base 11) to base 9.
-2
10110110 (base 2) to base 4
2312
What is -55 (base 8) in base 13?
-36
What is -101201 (base 3) in base 4?
-10201
-21 (base 4) to base 2
-1001
What is -1 (base 3) in base 11?
-1
1 (base 14) to base 16
1
3 (base 5) to base 4
3
254 (base 6) to base 12
8a
What is 26 (base 8) in base 14?
18
Convert -101011010 (base 2) to base 13.
-208
Convert 1 (base 15) to base 8.
1
0 (base 5) to base 12
0
-16 (base 16) to base 4
-112
32 (base 11) to base 16
23
What is -84 (base 9) in base 3?
-2211
Convert 1 (base 13) to base 16.
1
178 (base 9) to base 2
10011000
Convert 35 (base 11) to base 2.
100110
What is -3 (base 13) in base 14?
-3
Convert 70 (base 8) to base 16.
38
What is -13 (base 6) in base 2?
-1001
11 (base 5) to base 2
110
What is 3 (base 8) in base 5?
3
16 (base 9) to base 3
120
-4 (base 7) to base 15
-4
Convert 0 (base 16) to base 9.
0
Convert 5c (base 14) to base 6.
214
What is 1 (base 15) in base 9?
1
77 (base 11) to base 9
103
Convert 1010 (base 2) to base 12.
a
What is -1101 (base 5) in base 6?
-411
-110001 (base 2) to base 16
-31
-1 (base 8) to base 3
-1
What is 5 (base 15) in base 4?
11
Convert -4 (base 9) to base 7.
-4
Convert -1 (base 2) to base 4.
-1
132 (base 5) to base 8
52
Convert -5 (base 10) to base 13.
-5
What is 1011 (base 2) in base 9?
12
Convert -10 (base 11) to base 10.
-11
210 (base 4) to base 3
1100
110100 (base 2) to base 12
44
212 (base 5) to base 16
39
1 (base 16) to base 14
1
Convert -2c (base 15) to base 9.
-46
What is 3 (base 13) in base 4?
3
What is 111 (base 4) in base 12?
19
5 (base 14) to base 2
101
Convert -62 (base 14) to base 9.
-105
8 (base 12) to base 9
8
What is -1321 (base 4) in base 15?
-81
Convert -1 (base 16) to base 11.
-1
47 (base 16) to base 5
241
Convert -10 (base 15) to base 2.
-1111
1 (base 12) to base 8
1
Convert -b (base 13) to base 16.
-b
-36 (base 16) to base 3
-2000
Convert 1 (base 14) to base 4.
1
Convert 218 (base 9) to base 8.
263
Convert 4 (base 8) to base 15.
4
d7 (base 15) to base 11
174
What is 4 (base 16) in base 7?
4
Convert 41 (base 5) to base 2.
10101
What is -8 (base 14) in base 3?
-22
-6 (base 9) to base 14
-6
What is -13 (base 16) in base 8?
-23
5 (base 16) to base 14
5
-1111 (base 2) to base 13
-12
Convert -71 (base 9) to base 16.
-40
30 (base 13) to base 5
124
What is 193 (base 13) in base 9?
351
What is -42 (base 15) in base 5?
-222
10 (base 11) to base 14
b
What is -1110110 (base 2) in base 16?
-76
Convert -2 (base 11) to base 16.
-2
12 (base 16) to base 13
15
Convert 30 (base 6) to base 4.
102
What is -2 (base 14) in base 4?
-2
-15 (base 11) to base 15
-11
-58 (base 11) to base 4
-333
Convert -1 (base 12) to base 5.
-1
What is 2 (base 6) in base 12?
2
What is -22 (base 15) in base 8?
-40
What is 1024 (base 5) in base 10?
139
11 (base 3) to base 6
4
aa (base 11) to base 10
120
What is -10 (base 9) in base 5?
-14
Convert -8d (base 16) to base 13.
-ab
-12212 (base 3) to base 5
-1113
Convert -11 (base 5) to base 12.
-6
Convert 10001 (base 2) to base 8.
21
-8 (base 13) to base 4
-20
Convert 26 (base 9) to base 2.
11000
What is -3 (base 12) in base 5?
-3
What is 72 (base 10) in base 14?
52
What is -3 (base 5) in base 15?
-3
Convert 3 (base 7) to base 8.
3
Convert 3 (base 5) to base 14.
3
-5 (base 15) to base 3
-12
What is -19 (base 13) in base 6?
-34
Convert -5 (base 12) to base 14.
-5
2 (base 9) to base 4
2
What is 0 (base 13) in base 15?
0
Convert 1 (base 15) to base 11.
1
What is 1103 (base 6) in base 13?
168
What is 4 (base 8) in base 12?
4
-47 (base 9) to base 2
-101011
Convert 1111 (base 2) to base 12.
13
What is -9 (base 11) in base 6?
-13
152 (base 14) to base 4
10030
Convert -1 (base 3) to base 11.
-1
11 (base 8) to base 15
9
-5 (base 15) to base 3
-12
10001001 (base 2) to base 8
211
Convert -3 (base 11) to base 3.
-10
6 (base 12) to base 13
6
11011 (base 2) to base 7
36
Convert 13 (base 10) to base 14.
d
Convert -4 (base 13) to base 6.
-4
What is -5 (base 14) in base 13?
-5
What is -14 (base 6) in base 12?
-a
Convert 0 (base 11) to base 16.
0
What is -6 (base 16) in base 4?
-12
Convert 1 (base 8) to base 13.
1
-12 (base 5) to base 15
-7
-20 (base 9) to base 6
-30
3 (base 11) to base 4
3
-125 (base 13) to base 5
-1300
72 (base 14) to base 16
64
-25 (base 9) to base 5
-43
Convert 3 (base 4) to base 14.
3
What is 74 (base 8) in base 14?
44
What is -3 (base 14) in base 12?
-3
What is -8d (base 14) in base 3?
-11122
Convert -12 (base 6) to base 15.
-8
What is 21 (base 3) in base 15?
7
Convert 10 (base 3) to base 7.
3
Convert -5 (base 8) to base 4.
-11
What is 6 (base 11) in base 12?
6
-1 (base 15) to base 3
-1
-3 (base 6) to base 9
-3
-3 (base 15) to base 8
-3
-2002 (base 5) to base 15
-11c
What is -22 (base 16) in base 13?
-28
-3e (base 15) to base 11
-54
-42 (base 6) to base 15
-1b
Convert 43 (base 7) to base 14.
23
Convert -4 (base 11) to base 13.
-4
-17 (base 16) to base 15
-18
What is -106 (base 11) in base 9?
-151
Convert 32 (base 11) to base 10.
35
Convert 3 (base 5) to base 3.
10
Convert 1 (base 16) to base 14.
1
Convert -11 (base 2) to base 4.
-3
Convert 2102 (base 3) to base 4.
1001
Convert -a (base 14) to base 16.
-a
What is -254 (base 7) in base 5?
-1022
2 (base 12) to base 8
2
10 (base 7) to base 11
7
Convert -1 (base 13) to base 4.
-1
-4 (base 14) to base 10
-4
What is 0 (base 16) in base 2?
0
4 (base 7) to base 4
10
1231 (base 4) to base 8
155
Convert -155 (base 6) to base 2.
-1000111
-10 (base 5) to base 14
-5
What is 202 (base 12) in base 8?
442
-112 (base 4) to base 10
-22
What is 0 (base 7) in base 9?
0
What is -20 (base 4) in base 14?
-8
What is -ae (base 16) in base 11?
-149
-20102 (base 3) to base 13
-104
What is -2 (base 11) in base 8?
-2
Convert 47 (base 12) to base 7.
106
Convert 81 (base 13) to base 6.
253
Convert -a (base 13) to base 5.
-20
What is 1330 (base 4) in base 14?
8c
Convert -24 (base 7) to base 14.
-14
Convert 7 (base 8) to base 16.
7
-124 (base 5) to base 11
-36
What is 159 (base 14) in base 10?
275
1 (base 3) to base 13
1
What is 405 (base 6) in base 9?
175
What is -111 (base 8) in base 6?
-201
Convert 8 (base 10) to base 5.
13
81 (base 13) to base 3
10220
Convert -131 (base 5) to base 10.
-41
-10100100 (base 2) to base 5
-1124
Convert -13 (base 11) to base 6.
-22
-ed (base 16) to base 5
-1422
-33 (base 5) to base 8
-22
Convert -7 (base 12) to base 15.
-7
What is 15 (base 8) in base 3?
111
Convert -2d (base 16) to base 3.
-1200
Convert -167 (base 10) to base 2.
-10100111
-1 (base 8) to base 7
-1
What is 10 (base 13) in base 10?
13
Convert -4 (base 5) to base 2.
-100
Convert -1020 (base 4) to base 7.
-132
What is 16 (base 7) in base 6?
21
What is 178 (base 12) in base 2?
11101100
Convert 10 (base 10) to base 2.
1010
What is 1011 (base 2) in base 13?
b
-20 (base 3) to base 12
-6
-1014 (base 5) to base 9
-158
-3 (base 12) to base 10
-3
What is 8 (base 14) in base 5?
13
Convert -31 (base 4) to base 14.
-d
Convert 2 (base 10) to base 8.
2
-b (base 13) to base 11
-10
Convert 3 (base 9) to base 13.
3
Convert 26 (base 7) to base 5.
40
-11101110 (base 2) to base 4
-3232
-12 (base 4) to base 13
-6
-13b (base 15) to base 13
-188
What is 2 (base 13) in base 12?
2
225 (base 8) to b